-3*n - 525, -3*p + 2*n + 484 + 306 = 0. What is the units digit of p?
4
Suppose 4*x - 6 = 6. Suppose -x*k + 204 = -105. What is the tens digit of k?
0
Let i = 11 - 15. Let q be (1 + i)*(-8)/6. Suppose -q + 76 = 3*n. What is the tens digit of n?
2
Let z(a) = a**2 - 2*a - 3. Let w be z(3). Suppose 231 = 3*o + 2*f, w*o + 5*o = -f + 385. What is the tens digit of o?
7
Suppose -2*x + 54 = -122. Let q = -4 + x. What is the units digit of q?
4
Let w = -12 + 37. What is the tens digit of w?
2
What is the units digit of 524 + 6 + 3 + 1?
4
Let z = 6 - 12. Let v = z - -2. Let m(n) = -8*n - 6. What is the tens digit of m(v)?
2
What is the tens digit of (-1 + 2)/((-4)/(-212))?
5
Let r be ((-3)/(-1))/(33/44). Suppose y - i - 2 = 10, -24 = -r*y - 2*i. What is the tens digit of y/(-16)*120/(-2)?
3
Let o be (-2)/(-4) - (-54)/12. Suppose 311 = o*x - 949. What is the tens digit of x/20 - (-9)/(-15)?
1
Let r = 1902 + -781. What is the thousands digit of r?
1
Suppose 5*p = 798 + 472. What is the hundreds digit of p?
2
Let p be (-6)/9 + 22/6. Suppose -p*d = 5*h - 847, -13 = -h + 5*d + 162. Suppose 8*w = 3*w + h. What is the tens digit of w?
3
Suppose 3*o + k - 558 = 0, -3*o + 4*k + 760 = o. Let s = -61 + o. What is the tens digit of s?
2
Suppose 4*s = -5*m + 791 + 4493, 6605 = 5*s - 5*m. What is the hundreds digit of s?
3
Let y = 88 - 64. Suppose 17 = 4*d + 2*h + 1, -4*d + 20 = 4*h. Suppose -d*l = -0 - y. What is the units digit of l?
8
Let f(l) = 12*l**3 - l**2. Let u be f(-1). Let n = u - -78. What is the tens digit of n?
6
Let i be (-57)/(-12) - (-2)/8. Suppose 0 = -5*f + i - 0. What is the units digit of f?
1
Suppose 3*y - 2*o = 20, 32 = 4*y + o - 5*o. Let z be 10/y*(-36)/(-10). What is the units digit of (-3 + 0 - -4)*z?
9
Suppose -s = 3, 4*t - 4198 = -2*s + 3348. What is the tens digit of t?
8
Let h be 2 - (2/10 - (-84)/30). What is the units digit of (-5 - -4)*-37 - h?
8
Let n = -36 - -59. Let d = 119 + n. Suppose -d = -6*b + 4*b. What is the tens digit of b?
7
Let j(b) = 3*b**2 - 5. Let h be j(-5). Suppose k - 23 = -h. Let a = -15 - k. What is the tens digit of a?
3
Let r(z) = -z**3 - 4*z**2 - 6*z - 3. Let n be r(-4). Let w be ((-2)/(-7))/(3/n). Suppose 5*m = -q + 73, -w = -5*m + 3*q + 59. What is the units digit of m?
4
Let r(s) = 4*s**3 + s**2 + 3*s + 19. What is the tens digit of r(5)?
5
Let c(w) = 7*w - 148. What is the units digit of c(23)?
3
Suppose -4*n = -37 - 51. Suppose 4*t - 2*u - n = -0*u, -3*t = u - 29. What is the units digit of t?
8
Let q be 0/((-5 - -3)*1). What is the units digit of 4/(-2) + q + 60?
8
Let n = -780 + 1129. What is the tens digit of n?
4
Suppose 2 = t + 15. Let x = 16 + t. Suppose 0*z - 4*m = -3*z + 82, -73 = -x*z - 5*m. What is the units digit of z?
6
Let i(q) = q**3 - 18*q**2 - 19*q + 5. Let a be i(19). Suppose 3*u - 69 = -3*m, 4 - 24 = a*u. What is the tens digit of m?
2
Suppose -3*k = -2*k + 5*z - 88, 2*k - z - 176 = 0. What is the units digit of k?
8
Let h(z) = 5*z + 24. Let a be h(-4). Suppose -a*l = -3*w - 443, 551 = -0*l + 5*l - w. What is the units digit of l?
0
Let q be (-4 + 3)/(-3 - 460/(-155)). Let o be ((-15)/12)/(2/(-248)). Suppose o = 3*l - q. What is the units digit of l?
2
Let w = 37 - 33. Suppose -4*c + 2*f = -612, w*c + f - 596 = -f. What is the units digit of c?
1
Suppose 0 = o - 2*b - 331, 4*o + 4*b - 769 - 543 = 0. What is the hundreds digit of o?
3
What is the tens digit of (-102*43/(-10))/((-275)/(-1375))?
9
Suppose 33*g + 37*g = 53550. What is the units digit of g?
5
Let d(j) = -j**2 - 5*j + 7. Let s be d(9). Let r = 216 + s. What is the tens digit of r?
9
Suppose -5*r + 3*f + 306 = 0, -2*r + 0*f - 2*f + 132 = 0. Suppose 182 = 7*d - r. What is the units digit of d?
5
What is the tens digit of -5 + 3 - -459 - 5?
5
Let p = -106 + 94. Let q(j) = -4*j**2 - j - 3. Let d be q(-4). Let c = p - d. What is the units digit of c?
1
Suppose 2*g + c = 6*g - 43, 0 = -g - 4*c + 15. Suppose 1596 = y + g*y. What is the hundreds digit of y?
1
Let g(n) = 7*n**2 + 32*n + 25. What is the tens digit of g(-8)?
1
Suppose -5*x + 4*x = -86. Let m = x + -39. What is the units digit of m?
7
Let g(d) = d**2 - 2*d - 16. Suppose 2*z - 5*z = -48. What is the units digit of g(z)?
8
Let k(o) = 10*o - 14. Let c be 6/(-12)*-16*(0 - -1). What is the tens digit of k(c)?
6
Suppose m + 4*j = -4*m + 2720, 2*m - 5*j - 1055 = 0. What is the units digit of m?
0
Suppose 4*o + 0*o = 20. Suppose -3*q - o = -20. Suppose -4*c - q*f = -2, 2*c - 4*f = 3 + 11. What is the units digit of c?
3
Suppose 5*i = 31 - 1. Let z = i - 4. Suppose 3*r - 11 = 4*w, 0*r = r + z*w - 7. What is the units digit of r?
5
Let h(a) = -67*a - 107. What is the tens digit of h(-7)?
6
Suppose 0 = 86*p - 65*p - 30723. What is the units digit of p?
3
Let j = -211 + 323. Let n = j - 65. What is the units digit of n?
7
Suppose 4*m + 13 - 45 = 0. Let u(o) = -o**2 + 6*o + 3. Let h be u(m). Let g = h - -52. What is the units digit of g?
9
Suppose 51 = 5*u + 21. Suppose 2*x + 4*b = -x + 26, -2*b = -2*x - u. What is the units digit of x?
2
Suppose -7*y = -6*y - 12. Let x be ((-11)/2)/((-2)/y). Suppose -6*v + x = -5*v. What is the tens digit of v?
3
Let l be (-2 - 20/(-3))/((-4)/(-18)). Suppose -14 - l = -d. What is the tens digit of d?
3
Let k(q) = 5*q + 14. Let g be k(-4). Suppose 14*j + 54 = 17*j. What is the units digit of j/2 - (g - -3)?
2
Let w = -3 + 6. Suppose 0 = -2*i - l + 1 + 4, -w*l - 40 = -5*i. Suppose 4*z + i*q - 31 - 33 = 0, 2*q - 13 = -z. What is the tens digit of z?
2
Let q(b) be the third derivative of -b**4/24 + 7*b**3/6 + 2*b**2. Let v be q(7). Suppose -g = -v*g - 19. What is the units digit of g?
9
What is the thousands digit of -1 + 7 + 1671 + -7?
1
Let a(f) = 7*f**2 + 9*f - 24. What is the hundreds digit of a(7)?
3
Let u(h) = -3*h + 3. Let o be u(5). Let p = o + 21. What is the units digit of p?
9
Let f = -166 + 511. Let n = -162 + f. What is the units digit of n?
3
Suppose 0 = 5*u - 2*a - 740, -525 = -3*u + 5*a - 81. What is the hundreds digit of u?
1
Let d be 4/(-50)*-5*30. Suppose 8 = k - g, -k - 7*g + 3*g = d. Suppose 4*h - 5*t + 23 = 112, -5*h - k*t + 142 = 0. What is the tens digit of h?
2
Suppose 3*w - 12 = 5*w. Let b(n) = 6 + 4 + n - 2. What is the units digit of b(w)?
2
Let g = -38 + 42. Suppose -2*v = -g*f - 4*v + 98, -4*v = -5*f + 90. What is the units digit of f?
2
Let u = -14 - 74. What is the hundreds digit of (-159)/(-2)*u/(-33)?
2
Suppose 56*f - 53*f - 1635 = 0. What is the hundreds digit of f?
5
Let r(l) = 154*l**3 - 3*l**2 + 3*l + 13. What is the tens digit of r(3)?
5
Suppose -4*h + 5 + 323 = 0. What is the units digit of h?
2
Let l(h) = 632*h**2 - 23*h - 38. What is the hundreds digit of l(-2)?
5
Suppose 20*j - 171 = 12809. What is the units digit of j?
9
Let t(y) = 10*y**3 - 3*y**2 + 3*y + 6. What is the tens digit of t(3)?
5
Let n be (-128)/6 + 4/(-6). Let c = 3 - n. What is the tens digit of c?
2
Let n(r) = r**3 - 9*r**2 - 5*r + 6. Suppose 15 = 2*g - 5. What is the units digit of n(g)?
6
Let r = 663 + -110. What is the hundreds digit of r?
5
Let q(m) = m**3 + 9*m**2 - m + 18. Let h be q(-9). Suppose -h = -52*r + 49*r. What is the units digit of r?
9
Let r(v) = -3*v + 22. Let y be r(8). What is the units digit of ((-344)/(-20))/(y/30*-3)?
6
Let b(t) = -t**3 - 3*t**2 - 15*t - 12. Let j be b(-8). Suppose 7*w - 468 = j. What is the tens digit of w?
2
Suppose 2*g + 2 = -6, 4 = -2*b + 2*g. Let a(u) = -u**3 - 6*u**2 - 2*u. Let p be a(b). Suppose 13 = w - p. What is the tens digit of w?
2
Let v be 14/(0 - 2) - -4. Let t = v + 5. Suppose 5*y = -2*a + 250, t*a = 6*y - y - 250. What is the units digit of y?
0
Suppose 4*d - 16 = 0, 4*d - 219 = -3*o + 427. Let i be 2/(-1 + (-37)/(-35)). Suppose -3*x + x + o = 4*k, i = k - 3*x. What is the units digit of k?
0
Let u(z) = -z**3 + 13*z**2 + 14*z + 2. Let h be u(14). Suppose 2*p = h*n + 418, 0*n + 2 = 2*n. What is the hundreds digit of p?
2
Let y = -1328 + 3527. What is the tens digit of y?
9
Suppose -6*l - d - 23 = -2*l, -4*d = -20. Let m = l + 25. What is the units digit of m?
8
Let a(x) = 50*x**2 - 193*x + 14. What is the hundreds digit of a(11)?
9
Let p = 3243 - 1503. What is the thousands digit of p?
1
Let p(y) = -y**2 + 14*y + 20. Let b(k) = -2*k + 21. Let j be b(9). Suppose 5*g + j*d - 79 = 0, d - 